is the thousands digit of 422920?
2
What is the hundreds digit of 2238817?
8
What is the millions digit of 1780007?
1
What is the tens digit of 5990292?
9
What is the tens digit of 241067?
6
What is the tens digit of 4697?
9
What is the ten millions digit of 37187053?
3
What is the units digit of 167223?
3
What is the hundreds digit of 218365?
3
What is the hundred thousands digit of 1645803?
6
What is the tens digit of 155304?
0
What is the hundreds digit of 210989?
9
What is the hundred thousands digit of 115625?
1
What is the tens digit of 1559079?
7
What is the thousands digit of 217069?
7
What is the tens digit of 115481?
8
What is the units digit of 86458?
8
What is the hundred thousands digit of 32746646?
7
What is the units digit of 4882250?
0
What is the thousands digit of 3830516?
0
What is the thousands digit of 128338?
8
What is the millions digit of 6401605?
6
What is the ten thousands digit of 67331?
6
What is the units digit of 242222?
2
What is the tens digit of 245208?
0
What is the tens digit of 7687349?
4
What is the tens digit of 2247486?
8
What is the hundreds digit of 1817739?
7
What is the ten thousands digit of 608192?
0
What is the hundreds digit of 201291?
2
What is the tens digit of 825415?
1
What is the thousands digit of 1029287?
9
What is the hundreds digit of 934629?
6
What is the hundred thousands digit of 9727769?
7
What is the hundreds digit of 20046358?
3
What is the ten thousands digit of 1477820?
7
What is the units digit of 134236?
6
What is the units digit of 1863812?
2
What is the thousands digit of 18426418?
6
What is the thousands digit of 35160253?
0
What is the millions digit of 2604871?
2
What is the units digit of 663237?
7
What is the hundreds digit of 91808?
8
What is the ten thousands digit of 24516896?
1
What is the hundreds digit of 8529655?
6
What is the units digit of 3311606?
6
What is the hundreds digit of 1176170?
1
What is the tens digit of 2371847?
4
What is the units digit of 1981541?
1
What is the units digit of 8346?
6
What is the hundreds digit of 16159495?
4
What is the ten millions digit of 12185818?
1
What is the tens digit of 5519106?
0
What is the hundreds digit of 2403059?
0
What is the ten thousands digit of 248140?
4
What is the ten thousands digit of 128670?
2
What is the hundred thousands digit of 1379272?
3
What is the hundred thousands digit of 256943?
2
What is the hundreds digit of 634105?
1
What is the hundred thousands digit of 894438?
8
What is the hundreds digit of 183940?
9
What is the hundreds digit of 8699727?
7
What is the tens digit of 514867?
6
What is the ten thousands digit of 319028?
1
What is the thousands digit of 470081?
0
What is the tens digit of 21547086?
8
What is the units digit of 154059?
9
What is the hundreds digit of 1953192?
1
What is the units digit of 7605750?
0
What is the hundred thousands digit of 1731246?
7
What is the thousands digit of 452538?
2
What is the hundreds digit of 209248?
2
What is the tens digit of 971286?
8
What is the thousands digit of 1673445?
3
What is the thousands digit of 369722?
9
What is the tens digit of 114323?
2
What is the hundred thousands digit of 5943771?
9
What is the units digit of 2752341?
1
What is the millions digit of 22653681?
2
What is the units digit of 7217605?
5
What is the ten millions digit of 21335655?
2
What is the hundred thousands digit of 770709?
7
What is the hundreds digit of 19468273?
2
What is the units digit of 4209239?
9
What is the ten thousands digit of 12008372?
0
What is the millions digit of 7662530?
7
What is the hundred thousands digit of 3527713?
5
What is the ten thousands digit of 2915460?
1
What is the millions digit of 10793415?
0
What is the hundred thousands digit of 751451?
7
What is the ten thousands digit of 397727?
9
What is the hundreds digit of 22642614?
6
What is the thousands digit of 9792020?
2
What is the hundred thousands digit of 11012419?
0
What is the hundreds digit of 18958?
9
What is the units digit of 3127?
7
What is the hundred thousands digit of 1773206?
7
What is the tens digit of 1705662?
6
What is the ten thousands digit of 104090?
0
What is the hundred thousands digit of 13918071?
9
What is the units digit of 28028308?
8
What is the hundred thousands digit of 2944227?
9
What is the units digit of 114608?
8
What is the units digit of 900129?
9
What is the hundred thousands digit of 176047?
1
What is the hundred thousands digit of 251323?
2
What is the millions digit of 3758975?
3
What is the hundred thousands digit of 9720319?
7
What is the hundreds digit of 16996851?
8
What is the units digit of 386320?
0
What is the units digit of 320960?
0
What is the hundreds digit of 537827?
8
What is the hundred thousands digit of 1798939?
7
What is the hundreds digit of 509793?
7
What is the tens digit of 13484821?
2
What is the thousands digit of 64145?
4
What is the tens digit of 4020672?
7
What is the hundred thousands digit of 2080035?
0
What is the ten thousands digit of 733092?
3
What is the tens digit of 7337713?
1
What is the tens digit of 681134?
3
What is the tens digit of 1538343?
4
What is the thousands digit of 407909?
7
What is the ten thousands digit of 3327870?
2
What is the hundreds digit of 60637?
6
What is the millions digit of 3345293?
3
What is the ten thousands digit of 1039383?
3
What is the ten thousands digit of 762659?
6
What is the tens digit of 4732152?
5
What is the thousands digit of 140038?
0
What is the hundred thousands digit of 462125?
4
What is the units digit of 15179453?
3
What is the ten thousands digit of 671005?
7
What is the units digit of 501281?
1
What is the units digit of 99489?
9
What is the hundreds digit of 1124280?
2
What is the hundred thousands digit of 299885?
2
What is the ten thousands digit of 15690644?
9
What is the hundreds digit of 251686?
6
What is the units digit of 1088232?
2
What is the thousands digit of 4651907?
1
What is the tens digit of 3380593?
9
What is the millions digit of 10841379?
0
What is the hundreds digit of 532280?
2
What is the hundreds digit of 8077039?
0
What is the hundreds digit of 10900?
9
What is the units digit of 7374688?
8
What is the ten thousands digit of 14362563?
6
What is the thousands digit of 24864?
4
What is the thousands digit of 2349503?
9
What is the hundreds digit of 711490?
4
What is the tens digit of 1045856?
5
What is the thousands digit of 4458017?
8
What is the thousands digit of 85926?
5
What is the units digit of 212631?
1
What is the hundreds digit of 15965597?
5
What is the units digit of 1563853?
3
What is the thousands digit of 9845242?
5
What is the units digit of 373309?
9
What is the hundreds digit of 385278?
2
What is the ten thousands digit of 306313?
0
What is the ten thousands digit of 133580?
3
What is the millions digit of 12340740?
2
What is the tens digit of 4262451?
5
What is the thousands digit of 609783?
9
What is the millions digit of 10988478?
0
What is the hundred thousands digit of 468157?
4
What is the thousands digit of 1111651?
1
What is the units digit of 18873919?
9
What is the ten thousands digit of 429998?
2
What is the hundreds digit of 7616827?
8
What is the ten thousands digit of 260444?
6
What is the units digit of 9796220?
0
What is the hundred thousands digit of 606489?
6
What is the hundred thousands digit of 3749483?
7
What is the hundreds digit of 1303722?
7
What is the units digit of 1909054?
4
What is the units digit of 32298?
8
What is the units digit of 567920?
0
What is the hundred thousands digit of 294452?
2
What is the hundred thousands digit of 4780450?
7
What is the tens digit of 8286126?
2
What is the tens digit of 686833?
3
What is the units digit of 3922948?
8
What is the ten thousands digit of 556004?
5
What is the hundreds digit of 5451013?
0
What is the thousands digit of 11621263?
1
What is the hundreds digit of 347654?
6
What is the hundreds digit of 8974230?
2
What is the units digit of 3156117?
7
What is the thousands digit of 3087123?
7
What is the ten thousands digit of 10442055?
4
What is the hundred thousands digit of 658615?
6
What is the hundred thousands digit of 849556?
8
What is the units digit of 2550588?
8
What is the hundred thousands digit of 2949596?
9
What is the tens digit of